e -38*m + 188 = -34*m. What is the remainder when m is divided by 1/(5 + (-117)/24)?
7
Let x(j) = -2*j**2 - 25*j - 1. Calculate the remainder when 80 is divided by x(-7).
4
Let g = -320 + 322. Suppose -2*m + 40 = 3*m. Suppose -k + m = g. Calculate the remainder when k is divided by 2.
0
Suppose -i + 3*i = -2. Suppose 631*s = 107*s - 1216*s + 10440. What is the remainder when (2*i - 8)*-1 is divided by s?
4
Let v(u) = u**3 + 25*u**2 + 10*u + 41. Let f be v(-14). Suppose 0 = -4*y + 3157 - f. What is the remainder when y is divided by 56?
51
Let b = 83 + -30. Suppose 16*w + 621 - 973 = 0. Calculate the remainder when b is divided by w.
9
Suppose -z - 4*m - 10 = 0, -3*m = -2*z + 9 + 4. Suppose 0 = -z*h + 5*h + 6. What is the remainder when -1 + -1 - h*(-82)/(-4) is divided by 7?
4
Suppose -y = -4 - 3. Let s(u) = 6*u + 6. Calculate the remainder when ((-4)/42)/((-8)/72)*7 - -231 is divided by s(y).
45
Let i(p) = p**2 - 24*p - 67. Let m be i(26). Calculate the remainder when 219 is divided by (m/75 - (-3)/(-10))*-44.
21
Let m = -14 + 25. Let a(r) = -332*r**2 + r + 3. Let f be a(-1). Let t = -300 - f. Calculate the remainder when t is divided by m.
8
Let x(n) = 34*n - 95. Let y be x(4). Suppose 2*q = 2*p - 8, 15*p + q - y = 11*p. Calculate the remainder when 18 is divided by p.
0
Suppose 5*w = -1207 + 1242. Suppose 3*v - 104 = -k, 3*k - 4*v = w*k - 408. Calculate the remainder when 605 is divided by k.
100
Suppose 5*j = 2 - 127. Let v = 268 + j. Let x = v + -143. Calculate the remainder when x is divided by 34.
32
Suppose 3*q = -f, 26*f = 24*f - 3*q + 18. What is the remainder when 31 is divided by f?
13
Suppose 7*m - 92 = 11*m. Let o = m + 29. Suppose -230 = o*l - 8*l. What is the remainder when l is divided by 39?
37
Let l be 31/((-1 - -2)*1). Suppose -t = 4*q + q - l, 0 = -2*t - 2*q + 62. Let u(w) = 7*w**2 - 17*w - 25. What is the remainder when u(-3) is divided by t?
27
Suppose 0 = -2*v + 2*m + 68, -2*v - m = -0*v - 65. Let c be 42/105 - (-198)/5. What is the remainder when v is divided by 2*(6 + 5/(c/(-12)))?
6
Let f(i) = 10*i**3 + 7*i**2 - 7*i + 4. Let j be f(4). Suppose 183 = -5*r + j. Calculate the remainder when r is divided by 39.
31
Suppose 12*q - 7*q + 12880 = 0. Calculate the remainder when 81 is divided by (2/8)/((-28)/q).
12
Suppose f + 28 = 15*f. What is the remainder when (-2)/4 + 4 + 409/f is divided by 42?
40
Let s be (-4)/3 + 6360/72. Suppose 84*q + 777 = s*q. Calculate the remainder when q is divided by 33.
28
Let m(x) = -x**3 - 17*x**2 - 17*x - 24. Let q be m(-16). Let o(l) = l**3 + 6*l**2 - 6*l + 83. Calculate the remainder when 32 is divided by o(q).
2
Suppose g + 228 = k + 5*g, -5*k + 3*g + 1209 = 0. Let z = k + -175. Calculate the remainder when z is divided by 35.
30
Let g(r) = r**2 + 107*r + 3041. Calculate the remainder when g(-73) is divided by 172.
43
Suppose 0 = 71*t - 381 - 3 - 184. What is the remainder when 509 is divided by t?
5
Let y(n) = 5*n + 57. Let a(f) = -10*f - 116. Let q(x) = 4*a(x) + 9*y(x). What is the remainder when q(-8) is divided by 5?
4
Let r = -1132 + 1161. What is the remainder when 705 is divided by r?
9
Let q = 3444 + -3412. What is the remainder when 2653 is divided by q?
29
Suppose -5*l = i + 3*i - 88, -2*i - 4*l + 38 = 0. Let y = -12840 - -12853. Calculate the remainder when i is divided by y.
1
Let i(a) = a**3 + 30*a**2 + 78*a - 49. Let m be (-147)/(-196)*36/(-1). What is the remainder when i(m) is divided by (-2)/5*-15*2?
8
Let o(m) = 2*m**3 - 23*m**2 + 12*m - 5. Let b(c) = c**2 - 14*c + 35. Let y be b(12). What is the remainder when 70 is divided by o(y)?
4
Suppose -34744 = -139*m + 38*m. Calculate the remainder when m is divided by 6.
2
Let m be 2/(-7) + -3*(-10)/105. Suppose m*f - 5*b = -3*f + 166, -3*b = -5*f + 250. Suppose -5 = u - 15. Calculate the remainder when f is divided by u.
7
Suppose 8 = 10*q - 8*q. Suppose 2*b + 4 = -2*x - 2*b, 0 = q*b + 8. Suppose 33 - 8 = -5*y, -3*c = x*y - 20. Calculate the remainder when 49 is divided by c.
9
Let x = 1 + -5. Let r(i) = -13*i - 2. Calculate the remainder when r(x) is divided by ((-594)/77)/(4 + 210/(-49)).
23
Let l(g) = -69*g + 3292. Calculate the remainder when 941 is divided by l(45).
6
Suppose -o - 2*l + 120 = 0, -4*o - 17*l + 491 = -20*l. What is the remainder when (-61)/o + (-87)/(-2) is divided by 14?
1
Let v = -186 - -188. Suppose -3*y + 2*i + 36 = 4*i, 3*y - 48 = v*i. What is the remainder when 37 is divided by y?
9
Let d = -2212 + 2276. Calculate the remainder when 2/(-6) - 6321/(-9) is divided by d.
62
Let t = -414 - -688. Let b(o) = o**3 + 16*o**2 + 133*o + 2151. Calculate the remainder when t is divided by b(-16).
21
Let p(l) = -l**3 - l**2 - 7*l - 2. Let x be p(-3). Let d = 86 - x. Suppose 5*c - 3*g - 18 = 29, -c = 5*g - 15. Calculate the remainder when d is divided by c.
9
Let u(x) = 164*x - 128. What is the remainder when u(2) is divided by 56?
32
Suppose -3*g + 361 = -f, -4*f + 389 = 3*g - 9*f. What is the remainder when 477 is divided by g?
5
Let u(b) = b**3 - 14*b**2 + 3*b - 11. Let c be u(14). Suppose 0 = 11*j - 262 + c. Calculate the remainder when 61 is divided by j.
19
Let j = 24960 + -18942. What is the remainder when j is divided by 1002?
6
Let l = 63 - 35. Suppose -4*x + 3*n = -185 + l, x = 5*n + 35. Let z(a) = -a**2 - a + 14. Calculate the remainder when x is divided by z(0).
12
Let o be 27/15 + 2/10. Suppose -5*r - f = o*f - 37, 3*f = -3. Suppose 81 = r*h - 63. What is the remainder when 65 is divided by h?
11
Suppose 10*l - 16*l + 2682 = -5*z, -4*l + 2*z + 1788 = 0. What is the remainder when l is divided by 25?
22
Let m(p) = 108*p - 2. Let d(a) = 441*a - 387. Calculate the remainder when m(3) is divided by d(1).
52
Let u be 4 - (-1 + 0 + 24). Let d = u - -38. Let x = 0 + d. What is the remainder when 31 is divided by x?
12
Suppose -o - 6 = 2*y - 3, -5*o + 8*y + 39 = 0. What is the remainder when 3173 is divided by o?
2
Calculate the remainder when 9134 is divided by (-56 - -17)*8/6*19/(-4).
242
Suppose 0 = -n + 2 - 7. Let i = 75 - n. Suppose l = -4*l + i. Calculate the remainder when l is divided by 9.
7
Suppose -3*a + 4 = a - s, 2*a - 2*s = 8. Suppose -249 = -4*r - 4*u - 61, a = 5*r + u - 215. What is the remainder when 83 is divided by r?
41
Let q(d) = 259*d - 2863. Let m be q(11). Let g(t) = 20*t - 1. Let u be g(6). Calculate the remainder when 1118/34 - m/u is divided by 17.
16
Let o(x) = -x**2 + 30*x - 120. Let z be o(5). Let g(d) = 2*d**3 - 12*d + 10. What is the remainder when g(z) is divided by 41?
36
Let l = -386 - -409. Calculate the remainder when (0 + 99/6)*(-24)/(-6) is divided by l.
20
Suppose 5*o = p - 5183 + 565, 0 = -4*o - p - 3698. Let s = o - -973. Let b(k) = 17*k**2 - 3*k. What is the remainder when b(3) is divided by s?
46
Suppose -47*x + 19365 = -5835 - 22176. Calculate the remainder when x is divided by 50.
8
Let g = -578 - -407. Let a = g + 230. What is the remainder when 107 is divided by a?
48
Suppose 0 = -2*r - r + 30. Let b(d) = -8*d**3 - d - 20*d**3 - 17*d**2 + 16*d**2. Calculate the remainder when b(-1) is divided by r.
8
Suppose 0 = -17*b + 45*b - 1092. Let u(o) = o**2 - 3*o - 4. Let t be u(4). Suppose t = -x + 2*x - 8. Calculate the remainder when b is divided by x.
7
Let p = -32365 + 32613. What is the remainder when 885 is divided by p?
141
Suppose -29*j - 20 + 136 = 0. Suppose 0 = -0*m + j*m - 76. Calculate the remainder when m is divided by 5.
4
Let b = 19 + -8. Let u(v) = -v**3 + 9*v**2 + 2*v - 18. Calculate the remainder when u(8) is divided by b.
7
Let h(r) = 166*r - 1. Suppose -18 = l - 19. What is the remainder when h(l) is divided by 42?
39
Let n = -42 + 77. Suppose 5*y - 2397 = -2*q, -4*q + 1908 = -15*y + 19*y. Suppose -2394 = -y*r + 463*r. Calculate the remainder when r is divided by n.
28
Suppose 87*x + 4026 = 81*x. Let c = x + 871. Calculate the remainder when c is divided by 45.
20
Let i(h) = -h**3 - h**2 + 10*h + 6. Suppose -3*w - 14 = 3*r + 10, r + 4 = 0. Let c(x) = 8*x**2 - 5*x + 3. What is the remainder when c(4) is divided by i(w)?
13
What is the remainder when 470 is divided by (-608)/(-7) + 3 - 120/(-105)?
15
Calculate the remainder when ((-58102)/(-133))/(2 + 91/(-49)) is divided by 23.
22
Suppose 4*d - 112 = 4*w, -16*d + 17*d - 48 = 5*w. Calculate the 